 + -71 + -51.
7
What is 11 + (74 - 2) + -19?
64
-5 + 11 - (-23 - (-148 - -77))
-42
Evaluate 58 - -1 - (-7 + (31 + -17 - 10) + -3).
65
Calculate -12 + (80 - 38 - 39) + -9.
-18
Evaluate (-5 - (-16 - -35)) + 72 + 10.
58
What is the value of -99 + -1 + 2 + -1 - (34 - -234 - 278)?
-89
What is the value of (-2 - (15 + (-15 - 8) - (-3 - -5))) + 11?
19
What is the value of -34 + -29 + 5 - -36?
-22
What is -1622 + 1573 + (2 - 3)?
-50
What is the value of 15 + -11 - (-71 + 69)?
6
What is the value of (11 + -17 + -3 + 14 - -4) + 27?
36
Calculate 30 - (20 + -24 - -2).
32
What is (3180 - 3155 - (-4 - (-1 - -2))) + 4?
34
5 + -5 + 2 - (-44 + -12 + 4)
54
Calculate (-32 + 22 - 4) + 16 + 7 - (1 + -91).
99
What is 35 + 27 + -94 + 52?
20
Calculate (-12 - -36) + -9 + 6 - 32.
-11
What is -222 - (-160 + 110 + -73)?
-99
(-122 - -107) + (-1 - 10) - -21
-5
Calculate (1 - (154 + -1)) + (182395 - 182381).
-138
(-6 - 21) + ((-34 - -16) + 36 - 26)
-35
17 - (4 - 12 - (-63 + 40))
2
What is the value of -63 + 5 + 2 + 19 + -56?
-93
(-50 - 3) + (17 + -44 - (-29 + -1))
-50
Evaluate (1 - -90) + -295 + 231.
27
Calculate 10 + (-4 + -3 - (-25 + 9)).
19
What is -22 + 1 + (1264 - 1206)?
37
What is (-6 + -2 - (69 - 70)) + (-14 - -28)?
7
Evaluate 3 + (0 - -36 - (-60 + 60)).
39
Evaluate -21 + 2 + -27 + 45 + 21 + -17.
3
Evaluate 6 + -52 - (-15 - 21).
-10
13 + 6 + 8 + -7 + (-1 - -4 - -1)
24
Calculate 3 + 28 + (4 - ((18 - 3) + -9)).
29
What is the value of 10 + (-70 - (-7 + 9 + 4) - -15)?
-51
What is the value of -96 - -103 - (75 + (4 - 4) + -4)?
-64
What is the value of (471 - 465) + 1 + 22 + 8 + -7?
30
Calculate (-15 - -3) + 27 + (17 - 13 - 91).
-72
(5 - (-35 + -2 + 26 + 1 + 70)) + 1
-54
Evaluate (27 - (-39 - -14)) + -28 - (2 + 8) - -98.
112
72 + 18 + -126 + -69
-105
What is the value of (-7 - -2 - 0) + (197 - 199) - (-88 + 0)?
81
43 + -50 + -9 + 8 + (-5 + -14 - -9)
-18
Calculate -16 + (19 - 13) + -2 + -1.
-13
13 + -36 + (-4 + -44 - 9)
-80
(-71 - (-17 + -22)) + 33
1
Calculate 5 + -9 - 8 - (-47 - -81).
-46
Calculate (-17 - -19) + (0 + -7 - 0).
-5
Evaluate 80 - (-24 + (11 - (16 - 62))).
47
Calculate 9 + -9 + 6 + -5 - (60 + -47 + 23).
-35
39 + -13 + -66 - -30
-10
Evaluate (17 - (-53 - -57 - (2 + -4)) - 9) + -67.
-65
Evaluate -93 - 0 - ((8 - 36 - 8) + 7 + 13).
-77
Calculate -6 - (36 + (-21 - -20 - 12 - -28)).
-57
(4 - 1 - -4) + (21 - -9 - -4)
41
Calculate ((-37 - 42) + 19 - 27) + -15.
-102
What is the value of 133 - 131 - (18 + (9 - -7))?
-32
What is (87 - 80) + -9 + 34?
32
What is the value of (-259 - -258 - (4 - 77 - 5)) + -17?
60
What is the value of 16 + 19 + -2 + (-4 - 27)?
2
What is the value of (-32 - (29 + -11)) + (9 - -3)?
-38
Evaluate (55 - 42) + (-17 - 6) - -32.
22
Calculate -33 + -18 + 11 + 13 + -20.
-47
Calculate 30 + -3 - 28 - (25 + (3 - 8)).
-21
Calculate 252 - 235 - (-6 + (-2 - 0) + (4 - 5)).
26
What is (1 + 1 - (-105 - -112 - (-8 + 3))) + -15?
-25
What is (-44 + 3 - -6) + 688 + -644?
9
Evaluate 3 + (-4 - -4) + -10 + 8 + -13 + 3.
-9
What is -7 + 19 + -15 - (2 + -46 - -1)?
40
(-581 - -751) + -46 + -7
117
What is the value of -20 - 106 - -46 - (-4 + -25)?
-51
Calculate -18 - (-45 - -9 - 21 - 5).
44
What is 2 + 2 - -18 - (105 + -44)?
-39
What is 0 + -15 - (-31 + -62 + 80)?
-2
What is the value of -37 + 4 + (79 + -49 - 42)?
-45
(179 - (-1 + 1)) + (17426 - 17475)
130
Evaluate 18 - (17 - (24 - 10)) - 22 - (5 - 129).
117
Calculate 23 + (0 + 4 - (169 - 147)).
5
Calculate (-9 + 8 + (-5 - -10) - -2) + -51.
-45
((-17 - -15) + -14 + 3 - -10) + (1 - -42)
40
What is the value of (-30 - -141 - 273) + 221?
59
Evaluate -678 + 715 - (42 - -2).
-7
-4 + (18 - 3 - 1) - (244 - 235) - -2
3
Evaluate -88 - (127 + -32 + -113).
-70
15 + -2 + -94 + 79 + 74 + 0
72
118 + 0 + (-1 - -8) + (17 - 35 - -17)
124
Calculate -71 - (-6 - 17) - -15.
-33
65 + (49 - -4) + (96 - 120)
94
What is -6 - (-16 - -1) - (-14 - 4)?
27
10 + (-3 + -24 - (65 - 12))
-70
What is the value of 28 + (-2 + 0 - (-40 + 50)) + 4?
20
Evaluate -33 + (-56 - -52) - (2 + -1).
-38
Evaluate (-4 - 12) + (15 - (71 + (0 - 5))).
-67
What is the value of -23 + -14 + 40 - (1 + 32)?
-30
Evaluate (-16 - -34) + -18 - (-10 - (4 + -12)).
2
Calculate 9 - -7 - (34 + 6 - 11).
-13
Evaluate 6 - (27 - ((7 - -1 - 19) + 17)).
-15
Calculate (-40 - (-39 + 2 + 13)) + 6.
-10
Calculate (-51 - -2) + (16 - (63 - 33)) + 3.
-60
What is 2 - 9 - (-589 + 586) - (-23 + 0)?
19
(16 - (11 - 11) - 36) + 5 + -39
-54
Evaluate 22 - (-199 - -23) - 118.
80
Calculate 27 + (26 - ((2 - -70) + -17)).
-2
What is 126 - 132 - (0 + -8 - (-20 + 98))?
80
31 - (-4 - (33 - 28) - -28)
12
Evaluate -119 - 1 - (27517 - 27552).
-85
What is (72 - (22 + 69)) + (0 - -3) + -101?
-117
Calculate (-15 - ((-12 - -27) + -24)) + 1 + -10.
-15
31 + -10 + -84 - (17 - (-1 + 5 + 0))
-76
What is the value of -30 + (-12 - (2 + -14)) + 6?
-24
Evaluate -53 + 48 - (-60 + -6 - (-2 + 10 - 8)).
61
What is the value of 1193 + -1383 + 6 + 93?
-91
Evaluate -23 + (7 + -2 - -4) + -41 - -9.
-46
(-26 - 1) + (0 - 8) + 25 + -45 + 19
-36
-21500 + 21662 - (118 + 1)
43
100 - (-72 + (11 - -95))
66
Evaluate 9 + (11 - 13) - ((-24 - -6) + 3 + -6).
28
Evaluate 10 - (10 + 27 + 6 - -11) - 14.
-58
Evaluate 2 + -3 - (337 + -331).
-7
What is the value of -53 + 41 + -7 + 33?
14
What is (7 - -20) + 9 + 4?
40
-221 + -50 + 257 + -34 + 0
-48
What is the value of 55 - 10 - -78 - 101?
22
What is the value of (-54 - -7) + -23 + 8 + 18?
-44
Evaluate 14 - (5 - (40 - 11)).
38
Evaluate -3 + 3 - -23 - (70 + (-63 - -2)).
14
Calculate (-5 + 7 - 7) + 6 - (-47 + 23).
25
Calculate -6 + 22 + -8 + -10 - ((-32 - -19) + 23).
-12
Evaluate 49 + 32 + (15 - (33 - -3)) + -8.
52
What is 1523 + -1523 + -2 + 11?
9
What is the value of -2 + -5 + 2 + (-4 - -1) - (-3818 + 3873)?
-63
-5 + (-3 - -2) - (25 + -2 - 8)
-21
18 + 14 + (2 - 5) + (124 - 126)
27
What is the value of -3 + 87 - (-1580 - -1671)?
-7
Calculate 1 + (-2 - -10 - 0) + 174 + (0 - 227).
-44
77 + 6 - (-11 - -21)
73
Calculate 15 + 0 + -8 + (-40 - -53).
20
What is the value of 17 - (3 + 1 + -4)?
17
Evaluate -4124 + 4150 + (-3 - -1 - -6 - 3).
27
What is (114 - 134) + (55 - 24) + 38 + -1?
48
Calculate (-9 - -58) + 45 + -14 + -22 + 16.
74
Calculate -7 + -83 + 0 + (-2 - -11) + 16.
-65
11 + 6 + -62 + 14 + (1 - 13 - -6)
-37
41 + 22 + -49 - (77 + (-8 - -4))
-59
Calculate 1 - -5 - (2 + -5 + 1) - (96426 + -96507).
89
(106 - (174 - 17)) + -63
-114
-4 - (2 - (-34 - -5) - 0) - (14 - 19)
-30
What is -11 + (12 - -18) - (-74 + 6) - -4?
91
Calculate -5 - (((-123 - -47) + (1 - -10) - 3) + -3).
66
Evaluate -1 + -3 - -4 - (300 - 283).
-17
Evaluate 13 + (16 - (-2 - 5) - -2) + (-9 - -2).
31
Calculate -72 + (109 + -45 - 19) + 1.
-26
What is 963 + -954 + (-1 + (1 - 3) - 53)?
-47
Calculate -31 - 5 - (-760 + 714).
10
299 - 366 - (-32 + -2)
-33
What is -2 - ((2 + -5 - 1 - (41 - -15)) + 10)?
48
Calculate (58 - 3) + 5 + -16 + -15.
29
What is the value of -92 - -130 - (29 + 32)?
-23
-8 - ((9 - (4 + -1)) + -12) - (-1 - -30)
-31
Calculate 45 + -80 + 56 - (-5 - -64).
-38
What is 61 + -7 + -12 + 7 + -1 + 6 + 4?
58
What is the value of -44 - (-4 - -14) - 5?
-59
Evaluate -8 + 14 + 1 + (-40 + 1 - -7).
-25
Calculate -3 - -19 - (35 + (2 - 3)).
-18
What is the value of -20 - -51 - (28 + -6) - 23?
-14
-76 + 28 + 54 + -4 + (4 + 0 - -97)
103
Evaluate -53 + (-34 - 83) + 41 + (0 - -22).
-107
What is 5 - (-1 - 25) - (18 + -33 + 25)?
21
9 + 52 + -92 - -24
-7
-6 + ((17 - 11) + 1 - -3)
4
7 + (297 - 302) + 28 + 2
32
Evaluate 1 + -33 - (-81 + 48 - -24) - 14.
-37
What is (1202 + -1213 - (22 + 1)) + -43?
-77
Evaluate 92 + (-18 - (114 - 61)).
21
Calculate -85 + 39 - (-87 + 5).
36
What is 50 + 218 + -116 - 133?
19
What is the value of (-141 - 3) + (-257 - -295) - -11?
-95
What is the value of (62 - -1) + (-8 - -11 - (-28 + 6)) + -17?
71
Calculate -1 + -13 + 10 + -17 + -4.
-25
Calculate (10 + 6 - 10) + (-461 - -427).
-28
Calculate -87 + -15 + 73 + 146.
117
What is (-48 - -5) + (-19 - -23) - -7?
-32
Calculate -2 + -7 - (-164 + 157) - (4 + (2 - 46)).
38
Calculate (3 - 57) + 35 - -14.
-5
Calculate -3 + 6 + -4 + 8 - (-9 - 109).
125
What is the value of 45 - (-38 + 82 + 14)?
-13
Evaluate 8 - (48 - 74 - -46).
-12
(-25 + (-1 - -12 - (-70 + 66)) - -18) + -116
-108
What is the value of -38 - 9 - -65 - 1?
17
Evaluate 3 - 22 - (56 - 66) - (-81 - 1 - -6).
67
Calculate (-17 + (33 - 1